209. Suppose 3*x - 5*g = 20828, a*x - 38*x = 5*g - 27759. Is x prime?
False
Let o(k) = -k**2 - 39*k + 25. Let g be -2 - (360/2)/6. Is o(g) a prime number?
False
Let r(m) = -m**3 - 18*m**2 + 16*m - 6. Let i be r(-19). Suppose -2*d + i = 211. Let f = d + 417. Is f a composite number?
False
Let m be ((1/2)/1)/((-2)/(-25644)). Suppose 4*q - 5*g - 8288 = -1871, -m = -4*q - g. Is q composite?
True
Suppose 8*t = 7*t - 2*j + 4, -4*j = 5*t - 8. Let y be ((-4)/(-6))/(8/36132). Suppose t = -4*c + y - 287. Is c a prime number?
False
Let x = 458 + -432. Suppose -x*n + 1557 + 113389 = 0. Is n prime?
True
Suppose -178*t + 424599225 = 139*t - 62*t. Is t composite?
True
Let b be ((-4)/10)/((-6)/25470). Suppose -l = -7*l - b. Let a = l - -600. Is a a composite number?
False
Let u be (-3)/(-1) + -4*5/5. Let y be -5 + u + 0 + 4. Is (-198)/y - 8/4 a prime number?
True
Suppose -2*a - 2*q + 18 = -7*q, 2*a + 5*q = -22. Let t be 4*a/14 + (-90)/(-21). Is 1528/t*2/4 a composite number?
False
Let y = -26949 + 47027. Suppose 2*l = 2*b - 0*b + y, 8 = -4*b. Is l a composite number?
False
Let g(b) be the second derivative of 7*b**6/90 - b**5/15 + 7*b**4/24 + 3*b**3 + 20*b. Let t(p) be the second derivative of g(p). Is t(5) composite?
True
Let s(i) = i**2 - 11*i - 24. Let p be s(13). Suppose g = 0, -4*g + g - 4 = -p*r. Suppose -5*o + 2867 = 3*t, r*t - 1709 = -3*o + 3*t. Is o prime?
True
Suppose -2*n + 3 = -1. Is (3 + (-402)/18)*(-129)/n a prime number?
False
Let u(g) = 402277*g**2 - 13*g - 21. Is u(-1) a prime number?
False
Let g be (-8)/6 + (-36)/(-27). Suppose g = -4*z - 12*z + 30608. Is z a composite number?
False
Let h(u) = 57*u - 17. Let k be h(-27). Let w = -883 - k. Is w a composite number?
False
Suppose 3581333 = 150*q - 3081217. Is q a prime number?
True
Let z(b) = 894*b - 3281. Is z(67) a prime number?
False
Suppose -243314 - 2554306 = 15*o. Is 35/10*o/(-98) prime?
True
Let g be (-10)/(-9)*2 + (-6)/27. Suppose -z + 5*z - 24026 = -g*q, 5*q - 12025 = -2*z. Is z prime?
False
Suppose g - 5*f + 14 = 0, 2*f - 10 = -2. Suppose 4*k - p = 6358, -k + g*k - 4*p - 7953 = 0. Is k composite?
True
Suppose 14*j - 9*j = z - 8, 6 = z - 4*j. Is -11 - -3756 - (1 - -7)/z composite?
True
Let i = -27 - -29. Suppose -1763 = x - i*x - 3*f, 0 = -5*x - 2*f + 8854. Suppose -4*k + x = -0*k. Is k prime?
True
Suppose 324 = -13*h - 14*h. Is 22270/30 + (-8)/h a composite number?
False
Let c be 4 + 91976/88 + (-4)/22. Let r = 3150 - c. Is r a composite number?
True
Suppose -2*t = 76 - 68. Is 8 - (7 + t) - 97*-24 a composite number?
False
Let c = 58 + -55. Suppose c*s = 4*x - 2190, -5*s = -1 + 11. Let u = x - 352. Is u composite?
True
Let d be 9/(-2 + -25)*-33. Suppose d*c = 49119 + 59396. Is c prime?
False
Suppose 7115 = -o + 5*t, 15*t = o + 12*t + 7107. Let z = -4068 - o. Is z prime?
False
Is (-380)/(-266) - (-297578)/14 prime?
False
Suppose 4*u = -4*d + 191464, 31*u - 239360 = -5*d + 36*u. Is d a composite number?
False
Let l(s) = -s**3 + 27*s**2 + 20*s - 35. Let w be l(14). Let h = 4160 - w. Is h composite?
False
Suppose 5*n - 28 = -2*n. Let a be 4/((-2)/(-4)*(n + 0)). Suppose 358 = 2*i + 4*d, 5*i + a*d - 931 = d. Is i prime?
False
Suppose 0 = 3*s + 33 - 24, -11486 = 5*f - 3*s. Suppose 3*k + 3817 = -3*p - 188, -2*k + 5*p = 2649. Let q = k - f. Is q a prime number?
True
Suppose -20*r = -28*r + 168. Is (12531 - 0)/(r/7) a composite number?
False
Suppose 0 = -12*l + 110283 + 1012833. Is l composite?
True
Let t(n) be the first derivative of 206*n**3/3 - 17*n**2/2 + 17*n + 7. Let h be t(9). Suppose -h = -11*i + i. Is i a composite number?
True
Suppose -3*u = -7*u + 864. Let a be (u/(-30))/(1/(-5)). Is 9135/a + (-6)/8 a composite number?
True
Let d(x) = -32*x**2 - 4*x - 7. Suppose 0 = -5*b + 15, -2*b = -2*c + 3 - 1. Let p be d(c). Let i = 1302 + p. Is i prime?
False
Let j(a) = 3*a**2 - 6*a + 46*a**3 - 27 + a**3 + 46 - 9 + 3*a**2. Is j(5) composite?
True
Let z be -2 + (4 - (-15)/5) - -1337. Let l = 2169 + z. Is l prime?
True
Let u = 45 + -28. Suppose 0 = 6*v + 5 - u. Suppose -4*d + 3708 = -4*h, 0 = -0*d + v*d + h - 1860. Is d prime?
True
Let q(k) = -19*k**3 - 32*k**2 + 61*k + 489. Is q(-19) composite?
True
Let u = -161 + 163. Suppose -8*k + 4*k + 1610 = u*t, 0 = -4*t + 4*k + 3172. Is t composite?
False
Let g = 29873 - -191520. Is g prime?
True
Suppose 3*a = 2*q - 259, -3*q = -7*q - 2*a + 542. Let c = -134 + q. Suppose l - 3 = c, 2*f - 4*l + 61 = 951. Is f a composite number?
True
Is ((-366)/18)/((-4)/97932) a prime number?
False
Let s(o) = 8*o + 38. Let a be s(0). Suppose -a*n = -47*n + 10737. Is n composite?
False
Let y(f) = 19 - 7 - 4*f**3 - 9 - 4*f - 8 + 4*f**2. Let j be y(5). Let x = -94 - j. Is x a composite number?
False
Suppose -70*l - 74*l = -128*l - 163536. Is l a composite number?
True
Let s = -48209 - -91872. Is s a prime number?
False
Let t = -5085 - -7476. Suppose -t = -3*g - 4*d, -3*g - 2*g - 3*d + 3985 = 0. Is g a composite number?
False
Let r = -2462 - -43879. Is r prime?
False
Suppose 5*r = -20, h - 2*r - r = 1356. Suppose 0 = -3*c - 3*d + h, 4*d - d + 1820 = 4*c. Suppose 5*b - b = c. Is b composite?
False
Suppose 19918 = 4*y - 2*y - 4*x, 49855 = 5*y + 5*x. Let t = y - 1770. Is t a composite number?
True
Let c be 12 + 0 + (-26)/(-13). Suppose -12*y = -c*y + 4. Suppose 2785 = 5*j - 5*u, 1671 = 3*j - 0*u - y*u. Is j prime?
True
Let k be -4 + 4 + -2 + 3. Let u(w) = -100*w**2 - 13*w - 9. Let d be u(-7). Is k/((-30)/d) - 4/(-10) a prime number?
False
Is (((-965096)/(-10))/(1/(-5)) - 6)/(-2) a prime number?
False
Let h be (-4 - (5 + -5)) + -85. Let q = -92 - h. Is (15/q - -518) + 4 composite?
True
Is (2/4)/1 - (-31)/((-372)/(-345366)) prime?
False
Let v be (10/(-10) - 30/8)*-4. Suppose 0*l = -v*l + 114. Is l prime?
False
Suppose -3*c - i = c - 292, -2*i = c - 66. Suppose 0 = -c*s + 70*s + 22696. Is s a prime number?
False
Let q be (-8)/14 + 5/(-35)*-32. Suppose -38956 = -q*j + 2*m + m, 4*m + 19468 = 2*j. Is j composite?
True
Suppose 5*p - 64 = -11*p. Suppose 7*o = -3*b + 5*o + 2743, -4*b + 3624 = -p*o. Is b composite?
False
Suppose 0 = -21*b + 35*b + 45304. Let k = b + 7827. Is k a composite number?
False
Suppose 14763 = -4*r - 477. Let u = -15742 - -10151. Let p = r - u. Is p a prime number?
False
Suppose 13*i - 10*i - 90425 = -4*z, i - 4*z - 30163 = 0. Let p = i + -14060. Is p composite?
False
Is (-24 - -26)*4/(8/71249) a prime number?
True
Let t(o) = o**3 + 3*o**2 + 1. Let c be t(-4). Let j(m) = m**3 + 15*m**2 + m + 15. Let y be j(c). Suppose y = -4*f + 221 + 107. Is f a composite number?
True
Suppose 228 = -4*i + 4*j + 68, -2*i = 2*j + 88. Let z = -40 - i. Suppose 15*m = z*m + 1937. Is m a prime number?
True
Let b = -145238 - -266581. Is b prime?
True
Suppose -3*u + 18 = 0, 364783 = g - 15*u + 12*u. Is g a composite number?
False
Let q(n) = 7*n - 57. Let g be q(9). Suppose 0 = -g*j - 2535 + 14169. Is j a composite number?
True
Suppose 2389 = -2*f + 29345 + 10470. Is f composite?
False
Let j(p) = -4*p**3 - 6*p**2 - 7*p - 40. Let y be j(13). Let g = y - -13916. Is g a prime number?
False
Let n(b) be the second derivative of -9*b**3 + 7*b**2/2 + 7*b. Suppose 0 = -f + 9*f + 48. Is n(f) a prime number?
True
Let i be 2/3*(-2)/4*-3. Let m(w) = -794*w**3 - 3*w**2 + 4*w - 2. Let k be m(i). Let s = k + 2132. Is s a composite number?
True
Let r = 5859 - 2882. Suppose 11*s = r + 6802. Is s a prime number?
False
Suppose -10571 - 230047 - 779749 = -41*i. Is i a prime number?
False
Suppose 11*z = 31*z - 80. Suppose 2801 + 797 = 2*j - 2*p, -2*p - z = 0. Is j a prime number?
False
Let c(n) = -n**3 + 4*n**2 - 6*n + 6. Let t be c(3). Let x be (-5)/6*t*60/50. Suppose x*l = -q + 2556, -l + 839 = -4*q - 0*q. Is l prime?
False
Suppose -4912795 - 2403103 = -41*q + 6349935. Is q a prime number?
False
Let j(u) = -u**3 + 41*u**2 + 42*u + 4. Let x be j(42). Is -8468*(-9)/(-24)*x/(-6) prime?
False
Suppose -53*h + 51*h + 40918 = 0. Suppose -h = -28*g + 27449. Is g a prime number?
False
Let k(j) = 17*j**2 - 38*j - 5. Let c be k(-16). Suppose -60*i - c = -61*i. Is i composite?
True
Suppose 21*y + 214188 = 15*y. Let n = -16893 - y. Is n a composite number?
True
Let n be 0 + 2 - (-5 - (-7 + 0)). Suppose 2*i = 4*y + 19346, -9676 = -n*i - i + 3*y. Is i prime?
False
Let u = -27 + 71. Let v be 45727/u - (-1)/(-4). Suppos